{"id":227,"date":"2025-08-09T16:42:54","date_gmt":"2025-08-09T16:42:54","guid":{"rendered":"https:\/\/st-donatus-bruderschaft.de\/?page_id=227"},"modified":"2025-09-22T17:00:53","modified_gmt":"2025-09-22T17:00:53","slug":"1-lp-mannschaft","status":"publish","type":"page","link":"https:\/\/st-donatus-bruderschaft.de\/index.php\/1-lp-mannschaft\/","title":{"rendered":"1. LP-Mannschaft"},"content":{"rendered":"\n<h3 class=\"wp-block-heading\">Informationen<\/h3>\n\n\n\n<figure class=\"wp-block-table\"><table class=\"has-fixed-layout\"><tbody><tr><td><strong>Klasse:<\/strong><\/td><td>Di\u00f6zesanklasse<\/td><\/tr><tr><td><strong>Mannschaftsf\u00fchrer:<\/strong><\/td><td>Frank Schriefers<\/td><\/tr><tr><td><strong>Training:<\/strong><\/td><td>Mittwoch ab 20.00Uhr<\/td><\/tr><\/tbody><\/table><\/figure>\n\n\n\n<h3 class=\"wp-block-heading\">Sch\u00fctzen<\/h3>\n\n\n\n<figure class=\"wp-block-table\"><table><tbody><tr><td>Axel Schriefers<\/td><td>Dennis Huppers<\/td><\/tr><tr><td>Marc Hennig<\/td><td>Frank Schriefers<\/td><\/tr><tr><td>Gerd Huppers<\/td><td>Uwe Retzlaff<\/td><\/tr><tr><td>Andreas Kohmes<\/td><td>Tobias Kuhfeldt<\/td><\/tr><tr><td>Erik Leupold<\/td><td><\/td><\/tr><\/tbody><\/table><\/figure>\n","protected":false},"excerpt":{"rendered":"<p>Informationen Klasse: Di\u00f6zesanklasse Mannschaftsf\u00fchrer: Frank Schriefers Training: Mittwoch ab 20.00Uhr Sch\u00fctzen Axel Schriefers Dennis Huppers Marc Hennig Frank Schriefers Gerd[&#8230;]<\/p>\n","protected":false},"author":2,"featured_media":0,"parent":0,"menu_order":11,"comment_status":"closed","ping_status":"closed","template":"","meta":{"footnotes":""},"class_list":["post-227","page","type-page","status-publish","hentry"],"_links":{"self":[{"href":"https:\/\/st-donatus-bruderschaft.de\/index.php\/wp-json\/wp\/v2\/pages\/227","targetHints":{"allow":["GET"]}}],"collection":[{"href":"https:\/\/st-donatus-bruderschaft.de\/index.php\/wp-json\/wp\/v2\/pages"}],"about":[{"href":"https:\/\/st-donatus-bruderschaft.de\/index.php\/wp-json\/wp\/v2\/types\/page"}],"author":[{"embeddable":true,"href":"https:\/\/st-donatus-bruderschaft.de\/index.php\/wp-json\/wp\/v2\/users\/2"}],"replies":[{"embeddable":true,"href":"https:\/\/st-donatus-bruderschaft.de\/index.php\/wp-json\/wp\/v2\/comments?post=227"}],"version-history":[{"count":3,"href":"https:\/\/st-donatus-bruderschaft.de\/index.php\/wp-json\/wp\/v2\/pages\/227\/revisions"}],"predecessor-version":[{"id":372,"href":"https:\/\/st-donatus-bruderschaft.de\/index.php\/wp-json\/wp\/v2\/pages\/227\/revisions\/372"}],"wp:attachment":[{"href":"https:\/\/st-donatus-bruderschaft.de\/index.php\/wp-json\/wp\/v2\/media?parent=227"}],"curies":[{"name":"wp","href":"https:\/\/api.w.org\/{rel}","templated":true}]}}